{"id":321,"date":"2013-11-04T13:37:47","date_gmt":"2013-11-04T11:37:47","guid":{"rendered":"http:\/\/www.kgkirchspiel-lohn.de\/wordpress\/?page_id=321"},"modified":"2018-11-15T18:40:06","modified_gmt":"2018-11-15T16:40:06","slug":"sessionsorden","status":"publish","type":"page","link":"https:\/\/www.kgkirchspiel-lohn.de\/wordpress\/?page_id=321","title":{"rendered":"Sessionsorden"},"content":{"rendered":"<p>Die Geschichte der Karnevalsorden begann mit dem organisierten Karneval in der Karnevalshochburg K\u00f6ln. Dort wollten die K\u00f6lner sich gegen die preu\u00dfische Obrigkeit auflehnen. Urspr\u00fcnglich symbolisierte der Orden eine Geringsch\u00e4tzung milit\u00e4rischen Benehmens und Pomps. Er stellte damals eine Persiflage auf die staatlichen und milit\u00e4rischen Orden, Sch\u00e4rpen und Brustb\u00e4nder der Preu\u00dfen dar.<\/p>\n<p>Schon fr\u00fch wurde Geschichte als Thema auf den Orden dargestellt. Im Laufe der Zeit wurden Themen wie Politik, Ortsgeschichte, Geb\u00e4ude usw. aufgegriffen. Aber auch Zeitgeschichte wurde auf den Orden dargestellt. Selbst Pers\u00f6nlichkeiten aus Kirche, Politik und Karneval boten sich als Motiv an. Die Aussage der Orden variiert also bis heute zwischen Spott, graphischer Aussage und Ehrbezeugung.<\/p>\n<p>Heute ist der Orden ein fester Bestandteil des Karnevals geworden und Karnevalisten in den verschiedensten Karnevalshochburgen sehen ihn als Belohnung f\u00fcr ihr Engagement in der n\u00e4rrischen Zeit an. So hat der Orden, der anfangs als Persiflage gedacht war, seine urspr\u00fcngliche Bedeutung ins Gegenteil verkehrt.<\/p>\n<p>Jedes Jahr aufs Neue wird ein neuer Sessionsorden entworfen. Dieser Orden wird an aktive KG Mitglieder und an befreundete Karnevalsgesellschaften auf den Sitzungen verliehen.<\/p>\n<p>Anbei findet Ihr eine kleine \u00dcbersicht unserer Sessionsorden:<\/p>\nngg_shortcode_0_placeholder\n<p style=\"text-align: left;\">Wenn Ihr einen Orden aus der Liste oben anklickt, wird euch dieser in voller Gr\u00f6\u00dfe dargestellt. Kurze Zeit nach der offiziellen Vorstellung des jeweiligen neuen Sessionsordens wird dieser auch hier in der Auflistung mit aufgef\u00fchrt.<\/p>\n","protected":false},"excerpt":{"rendered":"<p>Die Geschichte der Karnevalsorden begann mit dem organisierten Karneval in der Karnevalshochburg K\u00f6ln. Dort wollten die K\u00f6lner sich gegen die preu\u00dfische Obrigkeit auflehnen. Urspr\u00fcnglich symbolisierte der Orden eine Geringsch\u00e4tzung milit\u00e4rischen Benehmens und Pomps. Er stellte damals eine Persiflage auf die staatlichen und milit\u00e4rischen Orden, Sch\u00e4rpen und Brustb\u00e4nder der Preu\u00dfen dar.<a href=\"https:\/\/www.kgkirchspiel-lohn.de\/wordpress\/?page_id=321\" class=\"read-more\">Lesen Sie weiter &raquo;<\/a><\/p>\n","protected":false},"author":1,"featured_media":0,"parent":2,"menu_order":15,"comment_status":"closed","ping_status":"closed","template":"fullwidth.php","meta":{"ngg_post_thumbnail":0,"jetpack_post_was_ever_published":false,"_mc_calendar":[],"footnotes":""},"class_list":["post-321","page","type-page","status-publish","hentry"],"jetpack_sharing_enabled":true,"jetpack_shortlink":"https:\/\/wp.me\/P3ZaX1-5b","_links":{"self":[{"href":"https:\/\/www.kgkirchspiel-lohn.de\/wordpress\/index.php?rest_route=\/wp\/v2\/pages\/321","targetHints":{"allow":["GET"]}}],"collection":[{"href":"https:\/\/www.kgkirchspiel-lohn.de\/wordpress\/index.php?rest_route=\/wp\/v2\/pages"}],"about":[{"href":"https:\/\/www.kgkirchspiel-lohn.de\/wordpress\/index.php?rest_route=\/wp\/v2\/types\/page"}],"author":[{"embeddable":true,"href":"https:\/\/www.kgkirchspiel-lohn.de\/wordpress\/index.php?rest_route=\/wp\/v2\/users\/1"}],"replies":[{"embeddable":true,"href":"https:\/\/www.kgkirchspiel-lohn.de\/wordpress\/index.php?rest_route=%2Fwp%2Fv2%2Fcomments&post=321"}],"version-history":[{"count":11,"href":"https:\/\/www.kgkirchspiel-lohn.de\/wordpress\/index.php?rest_route=\/wp\/v2\/pages\/321\/revisions"}],"predecessor-version":[{"id":124132,"href":"https:\/\/www.kgkirchspiel-lohn.de\/wordpress\/index.php?rest_route=\/wp\/v2\/pages\/321\/revisions\/124132"}],"up":[{"embeddable":true,"href":"https:\/\/www.kgkirchspiel-lohn.de\/wordpress\/index.php?rest_route=\/wp\/v2\/pages\/2"}],"wp:attachment":[{"href":"https:\/\/www.kgkirchspiel-lohn.de\/wordpress\/index.php?rest_route=%2Fwp%2Fv2%2Fmedia&parent=321"}],"curies":[{"name":"wp","href":"https:\/\/api.w.org\/{rel}","templated":true}]}}