{"id":5486,"date":"2017-11-16T09:42:02","date_gmt":"2017-11-16T07:42:02","guid":{"rendered":"http:\/\/www.kgkirchspiel-lohn.de\/wordpress\/?page_id=5486"},"modified":"2020-04-15T08:56:34","modified_gmt":"2020-04-15T06:56:34","slug":"jugendgardisten","status":"publish","type":"page","link":"https:\/\/www.kgkirchspiel-lohn.de\/wordpress\/?page_id=5486","title":{"rendered":"Jugendgardisten"},"content":{"rendered":"<p>Die Jugendgardisten stellen das Bindeglied unserer Jungs zwischen der Gardestr\u00f6pp und der sp\u00e4teren gro\u00dfen Garde dar. Neben der Unterst\u00fctzung unserer Tanzgarde auf der B\u00fchne finden auch noch andere &#8222;Events&#8220; \u00fcbers Jahr verteilt innerhalb des Vereins statt. Dazu findet ihr dann jeweils mehr Infos in den entsprechenden Beitr\u00e4gen hier auf unserer Webseite.<\/p>\n<p><a href=\"https:\/\/www.kgkirchspiel-lohn.de\/wordpress\/wp-content\/uploads\/2020\/04\/EDA24A94-364D-4149-984C-ED9B6CBEBEAA-scaled.jpeg\"><img loading=\"lazy\" decoding=\"async\" class=\"aligncenter size-full wp-image-125510\" src=\"https:\/\/www.kgkirchspiel-lohn.de\/wordpress\/wp-content\/uploads\/2020\/04\/EDA24A94-364D-4149-984C-ED9B6CBEBEAA-scaled.jpeg\" alt=\"\" width=\"2560\" height=\"1920\" srcset=\"https:\/\/www.kgkirchspiel-lohn.de\/wordpress\/wp-content\/uploads\/2020\/04\/EDA24A94-364D-4149-984C-ED9B6CBEBEAA-scaled.jpeg 2560w, https:\/\/www.kgkirchspiel-lohn.de\/wordpress\/wp-content\/uploads\/2020\/04\/EDA24A94-364D-4149-984C-ED9B6CBEBEAA-300x225.jpeg 300w, https:\/\/www.kgkirchspiel-lohn.de\/wordpress\/wp-content\/uploads\/2020\/04\/EDA24A94-364D-4149-984C-ED9B6CBEBEAA-1024x768.jpeg 1024w, https:\/\/www.kgkirchspiel-lohn.de\/wordpress\/wp-content\/uploads\/2020\/04\/EDA24A94-364D-4149-984C-ED9B6CBEBEAA-768x576.jpeg 768w, https:\/\/www.kgkirchspiel-lohn.de\/wordpress\/wp-content\/uploads\/2020\/04\/EDA24A94-364D-4149-984C-ED9B6CBEBEAA-1536x1152.jpeg 1536w, https:\/\/www.kgkirchspiel-lohn.de\/wordpress\/wp-content\/uploads\/2020\/04\/EDA24A94-364D-4149-984C-ED9B6CBEBEAA-2048x1536.jpeg 2048w, https:\/\/www.kgkirchspiel-lohn.de\/wordpress\/wp-content\/uploads\/2020\/04\/EDA24A94-364D-4149-984C-ED9B6CBEBEAA-640x480.jpeg 640w, https:\/\/www.kgkirchspiel-lohn.de\/wordpress\/wp-content\/uploads\/2020\/04\/EDA24A94-364D-4149-984C-ED9B6CBEBEAA-472x354.jpeg 472w\" sizes=\"auto, (max-width: 2560px) 100vw, 2560px\" \/><\/a><\/p>\n<p>Die aktuelle Besetzung der Jugendgardisten (Session 2018\/2019):<\/p>\n<ul>\n<li>Paul Brenner,<\/li>\n<li>Jonas Cuvelier,<\/li>\n<li>Elias Hellenbrandt,<\/li>\n<li>Noah Hommelsheim,<\/li>\n<li>Tim-Joshua Hoven,<\/li>\n<li>Philipp Meurer,<\/li>\n<li>Matti Pesch,<\/li>\n<li>Samu Pesch,<\/li>\n<li>Linus R\u00fcttgers,<\/li>\n<li>Leon Sch\u00fcller,<\/li>\n<li>Finn Sonntag,<\/li>\n<li>Mats Sonntag und<\/li>\n<li>Paul Zander<\/li>\n<\/ul>\n<p>ngg_shortcode_0_placeholderUnterst\u00fctzt werden die Jungs durch die 4. Garde.<\/p>\n<p><a href=\"https:\/\/www.kgkirchspiel-lohn.de\/wordpress\/wp-content\/uploads\/2017\/11\/IMG-20170917-WA0015-Andere.jpg\"><img loading=\"lazy\" decoding=\"async\" class=\"aligncenter size-large wp-image-5738\" src=\"https:\/\/www.kgkirchspiel-lohn.de\/wordpress\/wp-content\/uploads\/2017\/11\/IMG-20170917-WA0015-Andere-1024x768.jpg\" alt=\"\" width=\"650\" height=\"488\" srcset=\"https:\/\/www.kgkirchspiel-lohn.de\/wordpress\/wp-content\/uploads\/2017\/11\/IMG-20170917-WA0015-Andere-1024x768.jpg 1024w, https:\/\/www.kgkirchspiel-lohn.de\/wordpress\/wp-content\/uploads\/2017\/11\/IMG-20170917-WA0015-Andere-300x225.jpg 300w, https:\/\/www.kgkirchspiel-lohn.de\/wordpress\/wp-content\/uploads\/2017\/11\/IMG-20170917-WA0015-Andere-768x576.jpg 768w, https:\/\/www.kgkirchspiel-lohn.de\/wordpress\/wp-content\/uploads\/2017\/11\/IMG-20170917-WA0015-Andere-472x354.jpg 472w, https:\/\/www.kgkirchspiel-lohn.de\/wordpress\/wp-content\/uploads\/2017\/11\/IMG-20170917-WA0015-Andere.jpg 1400w\" sizes=\"auto, (max-width: 650px) 100vw, 650px\" \/><\/a><\/p>\n","protected":false},"excerpt":{"rendered":"<p>Die Jugendgardisten stellen das Bindeglied unserer Jungs zwischen der Gardestr\u00f6pp und der sp\u00e4teren gro\u00dfen Garde dar. Neben der Unterst\u00fctzung unserer Tanzgarde auf der B\u00fchne finden auch noch andere &#8222;Events&#8220; \u00fcbers Jahr verteilt innerhalb des Vereins statt. Dazu findet ihr dann jeweils mehr Infos in den entsprechenden Beitr\u00e4gen hier auf unserer<a href=\"https:\/\/www.kgkirchspiel-lohn.de\/wordpress\/?page_id=5486\" class=\"read-more\">Lesen Sie weiter &raquo;<\/a><\/p>\n","protected":false},"author":1,"featured_media":0,"parent":41,"menu_order":117,"comment_status":"closed","ping_status":"closed","template":"","meta":{"ngg_post_thumbnail":0,"jetpack_post_was_ever_published":false,"_mc_calendar":[],"footnotes":""},"class_list":["post-5486","page","type-page","status-publish","hentry"],"jetpack_sharing_enabled":true,"jetpack_shortlink":"https:\/\/wp.me\/P3ZaX1-1qu","_links":{"self":[{"href":"https:\/\/www.kgkirchspiel-lohn.de\/wordpress\/index.php?rest_route=\/wp\/v2\/pages\/5486","targetHints":{"allow":["GET"]}}],"collection":[{"href":"https:\/\/www.kgkirchspiel-lohn.de\/wordpress\/index.php?rest_route=\/wp\/v2\/pages"}],"about":[{"href":"https:\/\/www.kgkirchspiel-lohn.de\/wordpress\/index.php?rest_route=\/wp\/v2\/types\/page"}],"author":[{"embeddable":true,"href":"https:\/\/www.kgkirchspiel-lohn.de\/wordpress\/index.php?rest_route=\/wp\/v2\/users\/1"}],"replies":[{"embeddable":true,"href":"https:\/\/www.kgkirchspiel-lohn.de\/wordpress\/index.php?rest_route=%2Fwp%2Fv2%2Fcomments&post=5486"}],"version-history":[{"count":8,"href":"https:\/\/www.kgkirchspiel-lohn.de\/wordpress\/index.php?rest_route=\/wp\/v2\/pages\/5486\/revisions"}],"predecessor-version":[{"id":125511,"href":"https:\/\/www.kgkirchspiel-lohn.de\/wordpress\/index.php?rest_route=\/wp\/v2\/pages\/5486\/revisions\/125511"}],"up":[{"embeddable":true,"href":"https:\/\/www.kgkirchspiel-lohn.de\/wordpress\/index.php?rest_route=\/wp\/v2\/pages\/41"}],"wp:attachment":[{"href":"https:\/\/www.kgkirchspiel-lohn.de\/wordpress\/index.php?rest_route=%2Fwp%2Fv2%2Fmedia&parent=5486"}],"curies":[{"name":"wp","href":"https:\/\/api.w.org\/{rel}","templated":true}]}}